 Let h be (3/(-9))/(6/72). Let u(z) = 6*z**3 - 2*z**2 + 6*z - 6. Let q(x) = h*n(x) - u(x). Give q(-2).
14
Suppose -23*d = -71*d - 192. Let s(l) = l**3 + 6*l**2 + 6*l + 4. Determine s(d).
12
Let i(n) = n**2 - 7*n - 4. Let r(l) = -5*l - 4. Let b(q) = 6*q + 5. Let m(h) = -3*b(h) - 4*r(h). Let s be m(1). Let y = s - -3. Determine i(y).
-10
Suppose 0*q - 6 = -3*q, -69 = 3*p + 3*q. Let z be 2/(-10) + (-55)/p. Let t(v) be the third derivative of v**5/60 + v**3/6 - v**2. Calculate t(z).
5
Let j(x) = -12*x**3 + 2*x**2 + 21*x - 16. Let n(t) = -19*t**3 + 2*t**2 + 32*t - 24. Let b(o) = 8*j(o) - 5*n(o). Determine b(7).
-1
Let p(l) be the third derivative of l**5/20 + 3*l**4/8 + 5*l**3/6 - 263*l**2. What is p(-3)?
5
Suppose -4*i = 2*i - 72. Let d(j) = -i*j - 10*j + 1 + 24*j. Suppose 3*f + 2*z + 26 = -f, 5*z = -25. Give d(f).
-7
Suppose 46 = 2*g + 42. Suppose -2*v = -g*w - 6, w - 4*v + 3 = 6. Let p(l) = l**3 + 6*l**2 + l - 7. Determine p(w).
13
Suppose 0 = -t + 19 + 2. Let y be ((-4)/(-6))/((-14)/t). Let o(l) = 5 - 6*l + 4 - 10. Calculate o(y).
5
Let a(j) = -5*j**3 + 55*j**2 + 5. Let m(q) = 11*q**3 - 101*q**2 - 9. Let v(n) = -11*a(n) - 6*m(n). Calculate v(1).
-11
Let n be 24/(-18)*6/2. Let v(u) = 2*u - 2. Let k(r) = 4*r - 3. Let s(f) = n*v(f) + 3*k(f). What is s(-1)?
-5
Let h(q) be the third derivative of q**7/84 - q**5/60 - q**4/24 + 2*q**3/3 - 17*q**2. Let r(l) be the first derivative of h(l). Determine r(-1).
-9
Let b = -20 + 23. Let t(l) = -l**3 + 0*l**3 - 5 - 3*l**3 + 3*l**b - 6*l**2. Determine t(-6).
-5
Let d(k) = 3*k + 5. Let b(s) = -s**2 + 7*s + 24. Let j be b(10). Determine d(j).
-13
Suppose -i + 3 = 2*f - 8, -f - i + 8 = 0. Let a be (-2)/(-6) + 14/f. Let b(n) = 2*n + 4 + 6*n - 6*n. Give b(a).
14
Let o(j) = 3*j - 5. Let f = 11 + -8. Let t be 3 + 0 - f - 1. Let q be (6/(-1) + 2)*t. Determine o(q).
7
Let h(t) = -t**3 + 2*t - 1. Let p be h(-2). Let i(d) = d**p - 6*d**2 + 6 + 4*d + 7*d - 12*d. What is i(6)?
0
Let c(p) = -p**3 - 4*p + 3*p + p**2 + 3*p + 1. Let k = 244 + -242. Calculate c(k).
1
Suppose 4*l + 5*o = -0*l - 25, o = -2*l - 11. Let f(g) = g**2 + 2*g - 8. Determine f(l).
7
Let l(u) = 3*u - 6 + 56*u**2 + 2 - 49*u**2 + 2 + u**3. Calculate l(-5).
33
Let h(p) = 23*p. Let w be h(-2). Let f be (69/w)/(3/(-4)). Let n(r) = -3*r**2 + 4*r - 2. Give n(f).
-6
Let l(m) = 11*m**2 + 30*m - 29*m + 8 - 9. Let j(k) = k + 6. Let d be j(-5). Give l(d).
11
Let a(t) = -2*t + 9. Let u(b) = 2*b + 1. Let l(s) = a(s) + 2*u(s). Calculate l(-8).
-5
Let b be 6/8 - 39/(-12). Let m(h) = 3*h**3 - 2*h + 5 + 3*h**2 + 0*h + b*h - 2. Suppose 2*k - 5*z = 3 + 3, -4*z = 3*k + 14. What is m(k)?
-13
Let j(u) be the second derivative of 1/3*u**3 + 0*u**4 + 0 - 1/120*u**6 + 1/20*u**5 - 2*u**2 - 5*u. Let b(a) be the first derivative of j(a). What is b(3)?
2
Let y = -23 + 26. Suppose -y = b - 5. Let v(r) = 2*r**3 - 2*r**2 - r + 2. Give v(b).
8
Let s(c) = c**3 - 5*c**2 - 4. Suppose 2*i - 7 = -z, i = -z + 3*i - 1. Suppose -f - 5*d = -9*d - 21, 17 = f - z*d. Give s(f).
-4
Let c = -6 + 9. Suppose 0 = 4*u - 3*u + 4*r + 3, 0 = c*u - 2*r + 9. Let g(x) be the second derivative of x**3/6 - 13*x. What is g(u)?
-3
Let k(u) = -3*u - 11. Let z(v) = 8*v + 28. Let f(t) = -11*k(t) - 4*z(t). Let x(l) = -l + 2. Let g be x(6). Calculate f(g).
5
Let c(j) be the second derivative of 5*j**3/2 - 5*j**2/2 - 368*j. Give c(4).
55
Let v(r) = 10*r**3 + 0*r + r**2 - 4*r**3 + 2*r**3 - r. Give v(1).
8
Let d(r) = -22*r + 3. Let f(t) = 7*t - 1. Let a(p) = -d(p) - 3*f(p). Determine a(1).
1
Let x(k) be the first derivative of k**5/60 - k**4/12 - k**2 + 15. Let i(t) be the second derivative of x(t). What is i(-2)?
8
Let k(f) be the second derivative of -3/2*f**2 - f + 0 - 1/20*f**5 - 1/2*f**3 + 5/12*f**4. Determine k(4).
1
Let q(r) = r**3 + 6*r**2 + 7*r + 5. Let j(c) = -c - 6. Let y be j(-8). Let f(u) = -5*u. Let s be f(y). Let m be s/2 - (1 + -1). What is q(m)?
-5
Let a(o) = 15*o**3 - 8*o**2 - 7*o - 5. Let w be (-24)/156 + 80/13. Let b(l) = 7*l**3 - 4*l**2 - 3*l - 2. Let h(p) = w*a(p) - 13*b(p). Calculate h(3).
-4
Let c(x) = 3*x + 3. Let t(d) = -d**2 - d - 7. Let y be t(0). Let r(v) = -v - 1. Let j(w) = y*r(w) - 2*c(w). Calculate j(6).
7
Suppose 2*r + 346 = 344. Let q(n) = -n**2 + n + 2. Calculate q(r).
0
Let s(l) = -57966*l - 2 + 28980*l + 28982*l + l**2. Give s(3).
-5
Let b = -77 - -81. Suppose b*c - 9 = 15. Let f(g) = -g**3 + 6*g**2 - g - 1. Give f(c).
-7
Let l = -195 + 181. Let x(q) = q**2 + 14*q + 9. Give x(l).
9
Let j(x) = -3*x - 14. Suppose s + 5*t + 26 = 0, 0 = s - 0*t - 5*t - 14. Let p be j(s). Let y(o) = o**3 - 5*o**2 + 6*o - 4. Determine y(p).
4
Let v(a) = 2*a - 34. Let h be v(20). Suppose 3*t = -4*c + 10, 0 = 4*t - h*c + 3*c - 30. Let g(o) = -o**2 + 7*o - 5. Determine g(t).
1
Let k = -288 - -290. Let b(g) = -3*g - 3. Calculate b(k).
-9
Let h(a) = -a**3 + 11*a**2 + 24*a + 17. Let b be (-13)/(-1) - 0*(-10 - -11). What is h(b)?
-9
Suppose -10*b + 132 = -4*b. Suppose 0 = 3*d - c + b, 8 = -3*d + 2*c - 18. Let v(n) = n**2 + 6*n + 1. Calculate v(d).
1
Let q(u) = 19*u - 19*u - 1 + u. Suppose 2*k = -2*r - 0*k + 4, 5*r = 5*k - 10. Calculate q(r).
-1
Let r(w) be the first derivative of 2/3*w**4 + 0*w**3 - 13*w - 8 + 1/2*w**2. Let n(y) be the first derivative of r(y). Determine n(-1).
9
Let k(o) = o**3 + 4*o**2 + o + 4. Suppose -6*b - 25 = -b, 4*g + 4*b + 40 = 0. Give k(g).
-26
Let w = 442 + -436. Let q(x) = -3 - 2 + 7*x - x**2 - 3. What is q(w)?
-2
Let q(t) = -3*t - 4. Let r = 583 - 587. Calculate q(r).
8
Let n = 595 - 597. Let k(p) = -5*p**3 - 3*p**2 + 2*p + 4. Determine k(n).
28
Let y(m) be the first derivative of -m**3/3 - 5*m**2/2 + 14*m + 806. What is y(-6)?
8
Let r = -1060 - -1057. Let b(q) = q**2 + q - 8. Calculate b(r).
-2
Suppose 8*r - 16 = 16. Let l(m) be the third derivative of -1/10*m**5 - 1/6*m**r + 0 - 1/120*m**6 + 4*m**2 - 1/3*m**3 + 0*m. What is l(-5)?
-7
Let p(i) = -2 + 9 + 0*i + 4 - i. Let n be p(10). Let a(d) be the third derivative of -11*d**6/120 + d**5/30 - d**3/6 - d**2. Determine a(n).
-10
Suppose -2*q = -2*v - 2, 2*q + v = 6*q - 13. Suppose -3*n - 9 = 0, -4*i + 3*i = 2*n + q. Let y(u) = 19*u - u**i + 20*u - 39*u - 2. Give y(-3).
-11
Let q(s) = -s**3 + 10*s**2 - 9*s - 4. Let h be q(9). Let m(i) be the first derivative of i**2 + i - 31. Give m(h).
-7
Let x(i) = i**2 - 11*i - 2. Let f(m) = m + 1. Let g be f(7). Calculate x(g).
-26
Let p(v) be the first derivative of v**3/3 + 3*v**2 + 6*v - 1. Let j = -244 - -238. Give p(j).
6
Let v(n) be the third derivative of n**6/120 + n**5/30 + n**4/24 + n**3/3 - 76*n**2. Give v(-2).
0
Let q(t) be the second derivative of 1/2*t**3 - 1/6*t**4 + 0 + 3*t + t**2. Let l = -178 - -181. Determine q(l).
-7
Let z(i) = 1. Let u(m) = m - 17. Let y(l) = u(l) + 6*z(l). Let p be (0 + -5)*(-84)/(-15). Let b = -23 - p. Determine y(b).
-6
Let r(b) = -2 + 7*b + 5*b + 2*b**3 - 17*b - b**3 + 3*b**2. Give r(-3).
13
Suppose -1 = -n + 4*p, -2*n + 1 = -n - 3*p. Let j(r) be the second derivative of -r**5/2 - r**4/12 + r**3/6 + 8*r. What is j(n)?
-10
Let t(f) = -f + 7. Let b be t(6). Suppose 5 = -3*j - x, -j - 4*j = -2*x + 1. Let g(v) = 2. Let s(l) = -3*l - 11. Let k(a) = j*s(a) - 5*g(a). Calculate k(b).
4
Let d = 55/102 - -5/17. Let f(a) be the second derivative of -1/20*a**5 - 8*a + 5/12*a**4 + 0 + 0*a**2 - d*a**3. Give f(4).
-4
Let l(y) be the second derivative of y**4/12 + 4*y**3/3 - 5*y**2 + 6*y - 20. Suppose 0 = 4*k - 5*x + 18, 2*k + x - 2*x = -12. What is l(k)?
-17
Let i(h) be the second derivative of h**5/20 - h**4/3 - 2*h**2 - 12*h. Let v = 9 - 6. Let f = 7 - v. Calculate i(f).
-4
Let c(k) be the third derivative of k**4/24 + 13*k**3/6 + 127*k**2. Give c(-10).
3
Let x(w) = -w - 6 + 2*w - 4*w. Suppose -14 - 16 = -5*c. Let q be (-4)/6*c*1/1. Give x(q).
6
Let i(c) = c**3 + 7*c**2 + c + 7. Let z = -196 + 190. Calculate i(z).
37
Let l(w) = 25*w + 8. Let i(n) = -71*n - 23. Let j(d) = 6*i(d) + 17*l(d). What is j(5)?
-7
Let m(l) be the third derivative of 0*l - 13*l**2 + 0 - 1/24*l**4 + 0*l**3. What is m(-7)?
7
Let h(q) = 7*q**3 - q**2 + 8*q - 4. Let o(s) be the first derivative of -s**4/4 + s**3/3 - s**2/2 - 23. Let m(k) = -h(k) - 6*o(k). Give m(-4).
-4
Let s(a) = -a**3 - 12*a**2 - 14*a - 15. Suppose -153 = 18*n + 45. Calculate s(n).
18
Let h(u) be the first derivative of -u**6/72 